 factors of 1139.
17, 67
List the prime factors of 20153.
7, 2879
List the prime factors of 6231.
3, 31, 67
List the prime factors of 3914.
2, 19, 103
List the prime factors of 103.
103
What are the prime factors of 45764?
2, 17, 673
List the prime factors of 10240.
2, 5
What are the prime factors of 570?
2, 3, 5, 19
What are the prime factors of 10?
2, 5
What are the prime factors of 17725?
5, 709
What are the prime factors of 2617?
2617
What are the prime factors of 46683?
3, 7, 13, 19
List the prime factors of 33268.
2, 8317
What are the prime factors of 6769?
7, 967
List the prime factors of 1281.
3, 7, 61
List the prime factors of 54962.
2, 27481
List the prime factors of 862.
2, 431
What are the prime factors of 15099?
3, 7, 719
List the prime factors of 1156.
2, 17
What are the prime factors of 4535?
5, 907
What are the prime factors of 64588?
2, 67, 241
List the prime factors of 22259.
22259
What are the prime factors of 1441?
11, 131
What are the prime factors of 25077?
3, 13, 643
List the prime factors of 4744.
2, 593
What are the prime factors of 14011?
14011
List the prime factors of 5564.
2, 13, 107
List the prime factors of 11779.
11779
List the prime factors of 826.
2, 7, 59
List the prime factors of 5809.
37, 157
List the prime factors of 73097.
67, 1091
List the prime factors of 1016.
2, 127
What are the prime factors of 24789?
3, 8263
List the prime factors of 5018.
2, 13, 193
What are the prime factors of 392?
2, 7
List the prime factors of 37762.
2, 79, 239
List the prime factors of 16313.
11, 1483
What are the prime factors of 43552?
2, 1361
What are the prime factors of 1401?
3, 467
What are the prime factors of 23424?
2, 3, 61
What are the prime factors of 1726?
2, 863
List the prime factors of 47602.
2, 23801
What are the prime factors of 642?
2, 3, 107
What are the prime factors of 119972?
2, 89, 337
What are the prime factors of 89515?
5, 17903
What are the prime factors of 655?
5, 131
List the prime factors of 45463.
11, 4133
What are the prime factors of 30060?
2, 3, 5, 167
List the prime factors of 4310.
2, 5, 431
List the prime factors of 4063.
17, 239
List the prime factors of 22212.
2, 3, 617
List the prime factors of 20199.
3, 6733
What are the prime factors of 10203?
3, 19, 179
What are the prime factors of 35377?
17, 2081
List the prime factors of 13379.
17, 787
What are the prime factors of 25515?
3, 5, 7
List the prime factors of 31800.
2, 3, 5, 53
What are the prime factors of 17323?
17, 1019
What are the prime factors of 1102?
2, 19, 29
What are the prime factors of 8492?
2, 11, 193
What are the prime factors of 2336?
2, 73
What are the prime factors of 8169?
3, 7, 389
What are the prime factors of 2242?
2, 19, 59
List the prime factors of 823.
823
List the prime factors of 123818.
2, 61909
What are the prime factors of 12481?
7, 1783
List the prime factors of 2845.
5, 569
What are the prime factors of 1753?
1753
List the prime factors of 23215.
5, 4643
What are the prime factors of 6400?
2, 5
What are the prime factors of 106?
2, 53
What are the prime factors of 88686?
2, 3, 13, 379
What are the prime factors of 123726?
2, 3, 17, 1213
List the prime factors of 77756.
2, 7, 2777
List the prime factors of 973.
7, 139
What are the prime factors of 733?
733
List the prime factors of 5823.
3, 647
List the prime factors of 5939.
5939
What are the prime factors of 58989?
3, 7, 53
What are the prime factors of 444?
2, 3, 37
List the prime factors of 37452.
2, 3, 3121
List the prime factors of 389.
389
What are the prime factors of 30390?
2, 3, 5, 1013
What are the prime factors of 679?
7, 97
List the prime factors of 1676.
2, 419
What are the prime factors of 5240?
2, 5, 131
List the prime factors of 55201.
55201
What are the prime factors of 826?
2, 7, 59
What are the prime factors of 2633?
2633
List the prime factors of 5979.
3, 1993
What are the prime factors of 75482?
2, 11, 47, 73
What are the prime factors of 1913?
1913
List the prime factors of 3204.
2, 3, 89
List the prime factors of 5130.
2, 3, 5, 19
List the prime factors of 671.
11, 61
List the prime factors of 28153.
47, 599
What are the prime factors of 156870?
2, 3, 5, 7, 83
What are the prime factors of 27038?
2, 11, 1229
List the prime factors of 8467.
8467
List the prime factors of 34031.
34031
List the prime factors of 61163.
31, 1973
List the prime factors of 10182.
2, 3, 1697
List the prime factors of 2116.
2, 23
List the prime factors of 54121.
54121
What are the prime factors of 8874?
2, 3, 17, 29
List the prime factors of 5903.
5903
What are the prime factors of 13476?
2, 3, 1123
What are the prime factors of 1064?
2, 7, 19
List the prime factors of 973.
7, 139
What are the prime factors of 6987?
3, 17, 137
What are the prime factors of 121634?
2, 61, 997
What are the prime factors of 3661?
7, 523
What are the prime factors of 8582?
2, 7, 613
List the prime factors of 11923.
11923
List the prime factors of 2271.
3, 757
List the prime factors of 120774.
2, 3, 20129
What are the prime factors of 70534?
2, 35267
List the prime factors of 79895.
5, 19, 29
What are the prime factors of 181337?
13, 29, 37
List the prime factors of 115.
5, 23
List the prime factors of 1394.
2, 17, 41
List the prime factors of 2347.
2347
What are the prime factors of 22211?
7, 19, 167
List the prime factors of 9040.
2, 5, 113
What are the prime factors of 8481?
3, 11, 257
What are the prime factors of 20278?
2, 10139
What are the prime factors of 1384?
2, 173
What are the prime factors of 300?
2, 3, 5
What are the prime factors of 14082?
2, 3, 2347
List the prime factors of 3799.
29, 131
What are the prime factors of 96414?
2, 3, 16069
What are the prime factors of 656?
2, 41
What are the prime factors of 1947?
3, 11, 59
What are the prime factors of 27096?
2, 3, 1129
What are the prime factors of 8940?
2, 3, 5, 149
What are the prime factors of 1108?
2, 277
What are the prime factors of 28831?
11, 2621
List the prime factors of 980.
2, 5, 7
What are the prime factors of 15567?
3, 5189
List the prime factors of 39814.
2, 17, 1171
List the prime factors of 703.
19, 37
List the prime factors of 35728.
2, 7, 11, 29
What are the prime factors of 3909?
3, 1303
What are the prime factors of 26288?
2, 31, 53
What are the prime factors of 2252?
2, 563
List the prime factors of 2798.
2, 1399
List the prime factors of 543.
3, 181
What are the prime factors of 21205?
5, 4241
List the prime factors of 212.
2, 53
What are the prime factors of 1929?
3, 643
List the prime factors of 23974.
2, 11987
What are the prime factors of 8314?
2, 4157
What are the prime factors of 5275?
5, 211
What are the prime factors of 7732?
2, 1933
List the prime factors of 985.
5, 197
List the prime factors of 542.
2, 271
List the prime factors of 95.
5, 19
What are the prime factors of 22667?
19, 1193
What are the prime factors of 7499?
7499
What are the prime factors of 884?
2, 13, 17
List the prime factors of 17019.
3, 31, 61
What are the prime factors of 1262?
2, 631
List the prime factors of 79557.
3, 23, 1153
What are the prime factors of 3682?
2, 7, 263
What are the prime factors of 1393?
7, 199
List the prime factors of 27646.
2, 23, 601
What are the prime factors of 1467?
3, 163
What are the prime factors of 21112?
2, 7, 13, 29
List the prime factors of 21647.
21647
List the prime factors of 688.
2, 43
List the prime factors of 178815.
3, 5, 7, 13, 131
List the prime factors of 2667.
3, 7, 127
What are the prime factors of 10414?
2, 41, 127
List the prime factors of 16467.
3, 11, 499
What are the prime factors of 40?
2, 5
What are the prime factors of 1291?
1291
List the prime factors of 9176.
2, 31, 37
List the prime factors of 76445.
5, 15289
What are the prime factors of 26845?
5, 7, 13, 59
List the prime factors of 66544.
2, 4159
List the prime factors of 1545.
3, 5, 103
What are the prime factors of 10422?
2, 3, 193
List the prime factors of 10401.
3, 3467
List the prime factors of 64199.
43, 1493
List the prime factors of 745.
5, 149
List the prime factors of 46031.
191, 241
List the prime factors of 61.
61
List the prime factors of 23591.
31, 761
What are the prime factors of 2422?
2, 7, 173
What are the prime factors of 37303?
7, 73
List the prime factors of 296.
2, 37
List the